6 and c.
26
Let f be (-252)/(-10)*130/4. Let b be f/45 - (-2)/(-10). Let k(a) = 3*a**3 + 2*a**2 - 2*a - 3. Let d be k(3). Calculate the highest common divisor of d and b.
18
Let t(a) = 2*a**2 - 6*a - 36. Let i be t(8). What is the highest common factor of 4 and i?
4
Let s = -114 + 122. Let y(a) = 3*a**2 + 2*a - 4. Let d be y(s). Calculate the highest common factor of d and 12.
12
Suppose -28*i = -5*i - 3197. Let k = 140 - i. What is the highest common divisor of 27 and k?
1
Let d be (16/(-12))/4*0. Suppose 4*h - 175 - 25 = d. Let o be (-5 - 0)*(-60)/h. Calculate the greatest common factor of o and 24.
6
Let j be ((20/(-2))/(-5))/(12/306). What is the highest common factor of j and 85?
17
Suppose 2 - 7 = 5*s, p = -5*s - 23. Let b be (-10)/((4 - p/(-4))/1). Calculate the greatest common factor of 220 and b.
20
Let x be (-2102)/(-18) - 8/(-36). Let m be 17 + (-2 + 10)*1/(-2). Calculate the highest common divisor of x and m.
13
Suppose 0 = -r - r - 1782. Let s be r/(-18)*(-4)/(-6). Suppose -2*c - 11 = -s. Calculate the highest common divisor of 11 and c.
11
Suppose 3*t - 56 = s, s + 80 = 5*t + 2*s. Calculate the highest common factor of 68 and t.
17
Let s be 112/(-140)*(-255)/2. What is the greatest common factor of 17 and s?
17
Let j(c) = -7*c - 22. Let x be j(-10). Suppose 0 = -4*b - 0*b. Suppose b = -5*g - 2*u + 358, -3 = 2*u - 1. What is the greatest common factor of x and g?
24
Let s = 43 - 193. Let u(t) = -2*t - 60. Let k be u(0). Let h = k - s. Calculate the greatest common factor of h and 18.
18
Let s be 3 - (7 + -3) - -43. Let q = 57 - s. Calculate the highest common factor of q and 135.
15
Suppose 5*k + 29 = -5*b - 36, 0 = 4*b - 2*k + 28. Let n = 10 - b. Let y be (-1 - 2) + 125 + (-10 - -40). What is the highest common factor of n and y?
19
Let n = 863 - 805. What is the greatest common factor of n and 435?
29
Suppose 5*y = -0*y + 25. Suppose -3*l + 9 = -2*k, y*k - 42 + 7 = -4*l. Let c be 5*(k + 6/(-5)). Calculate the highest common divisor of 9 and c.
9
Let h(a) = 306*a**2 + 3*a - 12. Let d be h(2). What is the greatest common divisor of d and 42?
42
Let u be (-6)/8*100*1. Let t = u + 120. Suppose 46*m - 640 = 50. What is the greatest common factor of m and t?
15
Let p = -2126 + 2145. What is the highest common factor of 1691 and p?
19
Let z(m) = m**3 + 12*m**2 - 20*m + 5. Let a be z(-12). What is the greatest common divisor of 35 and a?
35
Suppose -2 + 6 = s. Let r(o) = -o + 8. Let h be r(s). Suppose 195 = 5*q - 3*c, -2*c = -5*q - h*c + 170. Calculate the greatest common factor of q and 12.
12
Let m(k) = 8*k + 74. Let v be m(-8). What is the greatest common factor of 70 and v?
10
Let i = -700 - -707. What is the highest common divisor of i and 133?
7
Let a(v) = -v**3 - 8*v**2 + 11*v - 7. Let w be a(-9). Let l = -16 - w. Suppose 3*h + 27 = 4*h. What is the greatest common divisor of l and h?
9
Let z(s) = -s**3 - 9*s**2 - s - 3. Let t be z(-9). Let q be ((-68)/(-6))/(4/t). Let v = 10 + q. What is the highest common factor of 3 and v?
3
Let t = 28 + -12. Let x(n) = n**3 - 5*n**2 - n + 2. Let h be x(5). Let a be h/1 - (-25 - 2). Calculate the greatest common divisor of t and a.
8
Let a = 403 + -322. What is the highest common factor of a and 729?
81
Let j(c) be the second derivative of -c**5/20 - c**4/2 - 4*c**3/3 - 3*c**2 - c. Let w be j(-5). What is the highest common divisor of w and 27?
9
Let w(i) = -i**2 - 8*i + 14. Let l be w(-6). Let a be (l + 9)*(-2 - -3). Calculate the greatest common divisor of a and 14.
7
Suppose 3*p + n = 43, 22 = 2*p - n - 10. What is the highest common divisor of p and 465?
15
Suppose -21*u = -4*u - 2788. What is the highest common divisor of 574 and u?
82
Suppose -3*s = -8 - 4. Let n(m) = 14*m + 8. Let g be n(s). Let y(l) = 4*l - 8. Let i be y(6). Calculate the highest common factor of g and i.
16
Suppose 12 + 99 = 37*h. What is the highest common divisor of h and 201?
3
Let b = -1741 - -1747. What is the highest common divisor of b and 34?
2
Let o(p) = -12*p + 42. Let r be o(-2). Calculate the greatest common divisor of 42 and r.
6
Let i = 153 + -143. Suppose 4*y = i*y - 144. Calculate the highest common factor of 16 and y.
8
Let d(n) = -n**2 - 4 - 7*n - 6*n - 3*n - 11. Let t be d(-14). Calculate the highest common divisor of 143 and t.
13
Let j be (-1)/4 - 75/(-12). Suppose 2*u + j = 10. Let d be (63/(-27))/(u/(-18)). Calculate the greatest common factor of 21 and d.
21
Let p = -12 + 63. What is the greatest common factor of 969 and p?
51
Let w(t) = 16*t**3 - t. Let v be w(1). Suppose 8*l - 6*l - 240 = 0. What is the greatest common divisor of l and v?
15
Suppose -12*k - 4 = 8. Let u be -2*8*k/2. Let l = -91 - -155. What is the highest common divisor of u and l?
8
Let s = 146 + 394. Suppose z + s = 6*z. Suppose 3*j + z = 3*i, 2*i - 5*j - 144 = -2*i. Calculate the greatest common divisor of i and 9.
9
Suppose -4*t + 63 = 3. Suppose -5*g + 2*g = t. Let q be (g*(-1 - 0))/1. Calculate the highest common factor of q and 15.
5
Let b(z) = z - 3. Let g be b(-11). Let r = 34 + g. What is the greatest common factor of r and 30?
10
Let u(m) = m**2 + m - 7. Let x be u(-7). Let f be (-378)/x*5/(-2). Let i = -26 - -44. What is the greatest common factor of f and i?
9
Let p be ((-156)/10)/(21/(-70)). What is the highest common factor of p and 65?
13
Suppose -5*h + 171 = -184. Calculate the highest common factor of 71 and h.
71
Suppose 471 = 3*g + m - 159, g - 210 = -2*m. What is the greatest common divisor of 45 and g?
15
Let a(s) = 5*s. Suppose -2*w + 24 = 2. Let o be a(w). Let p = 8 - -14. Calculate the highest common factor of o and p.
11
Suppose 5 - 47 = -3*y. What is the greatest common factor of 350 and y?
14
Let f(a) = -10*a + 60. Let p be f(6). Suppose -5*i + 91 = -2*t, p*t + 82 = 5*i + t. What is the greatest common factor of i and 102?
17
Let j(d) = d**3 - 4*d**2 - d - 1. Let c be 28/(-35) - (-12)/15. Let l = 5 + c. Let s be j(l). What is the highest common divisor of 95 and s?
19
Suppose 0 = -11*i - 11 + 44. Suppose -63 = i*q - 72. What is the greatest common divisor of q and 9?
3
Let b(x) = -x**2 - x + 1. Let t be b(-4). Let i = -16 - t. Let c(j) = j**3 + 5*j**2 - 3*j + 1. Let o be c(i). Calculate the highest common divisor of 16 and o.
16
Let m be (-2 - 16/(-4)) + 526. Let h = -312 + m. Let v = 9 - -15. What is the greatest common factor of h and v?
24
Let t(p) = 3*p + 25. Let q(o) = o. Let g(h) = -2*q(h) + t(h). Let k be g(-12). What is the greatest common divisor of k and 13?
13
Let n = 4 - 6. Let d(z) = -26 + 26 - 5*z**3 + z**2 - 2*z + 3*z**3. Let l be d(n). Calculate the highest common factor of 36 and l.
12
Suppose 2 = -11*v + 12*v. Suppose -5*r - u = u - 54, v*r + 3*u = 26. Calculate the greatest common factor of r and 5.
5
Let n be (-11)/(-11)*(1 - (0 - 4)). Suppose n*x - 354 = 3*u, -2*u + 0*u = 3*x - 220. Calculate the greatest common divisor of x and 48.
24
Let g be 93/(-6)*2 + 2. Let o = g + 53. Let n = 196 - 193. What is the highest common factor of n and o?
3
Suppose -66 = -2*v - 0*v. Suppose -2*p + 6 + 26 = 0. Let n be 356/p + (-1)/4. What is the greatest common divisor of v and n?
11
Suppose -4*t - 4 = -5*t. Suppose 0*y = -4*y + t*c + 8, -5*c = 2*y + 3. Let a be 3/y*(-4 + 5). What is the highest common divisor of 9 and a?
3
Let c be (-185)/(-2) - 4/8. Suppose -3*o - 2*o - 15 = 0, 0 = -z - o + 20. What is the highest common factor of z and c?
23
Suppose -2*x + x + 3 = 0. Suppose -36 = -7*w + 4*w - 3*f, 12 = 3*w - x*f. Let v = 50 - -14. Calculate the highest common divisor of v and w.
8
Let n(u) = 2*u**2 + 81*u - 80. Let x be n(-47). Calculate the greatest common factor of 9 and x.
9
Suppose -6*w + 4*i = -5*w - 10, 0 = -5*w - 5*i + 50. Calculate the greatest common divisor of 10 and w.
10
Let w = -100 + 160. Suppose j + 2*u - 37 = -13, -3*u - 94 = -5*j. What is the highest common divisor of w and j?
20
Let d(k) = -k**2 + 16*k - 10. Let l be d(12). What is the highest common divisor of l and 304?
38
Let m = -822 - -833. What is the highest common divisor of 77 and m?
11
Let j = 115 + 145. Suppose 288 = 5*d - 4*b - 26, -4*d = -b - j. Suppose -p - 16 = -2*x, -3*x = x + 5*p - 4. What is the highest common factor of x and d?
6
Let b be 2/7 + (-1940)/28. Let n = 9 + b. Let c be 113/4 + 15/n. Calcu